hat is the remainder when 2909 is divided by 952?
53
Calculate the remainder when 15081 is divided by 52.
1
Calculate the remainder when 7548 is divided by 1879.
32
Calculate the remainder when 826077 is divided by 40.
37
Calculate the remainder when 9978 is divided by 864.
474
What is the remainder when 1217 is divided by 126?
83
Calculate the remainder when 1204 is divided by 380.
64
Calculate the remainder when 15844 is divided by 40.
4
What is the remainder when 17170 is divided by 22?
10
Calculate the remainder when 32031 is divided by 352.
351
Calculate the remainder when 45582 is divided by 359.
348
What is the remainder when 14779186 is divided by 369?
367
Calculate the remainder when 2695 is divided by 885.
40
What is the remainder when 257815 is divided by 17?
10
Calculate the remainder when 4104 is divided by 50.
4
Calculate the remainder when 146059 is divided by 230.
9
What is the remainder when 9053 is divided by 1293?
2
Calculate the remainder when 9714 is divided by 233.
161
What is the remainder when 12690 is divided by 22?
18
Calculate the remainder when 150397 is divided by 320.
317
What is the remainder when 239 is divided by 133?
106
Calculate the remainder when 2962 is divided by 802.
556
What is the remainder when 10478 is divided by 318?
302
What is the remainder when 4132 is divided by 1367?
31
What is the remainder when 64743 is divided by 642?
543
Calculate the remainder when 98921 is divided by 24710.
81
Calculate the remainder when 28304 is divided by 14123.
58
Calculate the remainder when 635072 is divided by 234.
230
What is the remainder when 14949 is divided by 10?
9
What is the remainder when 18564 is divided by 530?
14
What is the remainder when 46411 is divided by 532?
127
What is the remainder when 5726 is divided by 40?
6
What is the remainder when 143244 is divided by 150?
144
Calculate the remainder when 168957 is divided by 220.
217
Calculate the remainder when 9497 is divided by 2368.
25
Calculate the remainder when 62166 is divided by 787.
780
What is the remainder when 43769 is divided by 21866?
37
Calculate the remainder when 57221 is divided by 14.
3
What is the remainder when 76642 is divided by 10948?
6
What is the remainder when 2207 is divided by 369?
362
Calculate the remainder when 147767 is divided by 1285.
1277
What is the remainder when 17986 is divided by 96?
34
Calculate the remainder when 69954 is divided by 34970.
14
What is the remainder when 13788 is divided by 497?
369
Calculate the remainder when 391 is divided by 93.
19
Calculate the remainder when 1191048 is divided by 574.
572
Calculate the remainder when 2228 is divided by 474.
332
Calculate the remainder when 5731 is divided by 289.
240
What is the remainder when 17795 is divided by 33?
8
Calculate the remainder when 162512 is divided by 463.
462
What is the remainder when 2245 is divided by 6?
1
What is the remainder when 105191 is divided by 158?
121
Calculate the remainder when 11384 is divided by 2820.
104
What is the remainder when 281952 is divided by 740?
12
What is the remainder when 7018 is divided by 72?
34
Calculate the remainder when 17255 is divided by 1917.
2
Calculate the remainder when 1472 is divided by 331.
148
What is the remainder when 1982073 is divided by 14?
9
Calculate the remainder when 141584 is divided by 1041.
8
Calculate the remainder when 14283 is divided by 1432.
1395
Calculate the remainder when 24224 is divided by 734.
2
Calculate the remainder when 2227 is divided by 736.
19
What is the remainder when 28688 is divided by 18?
14
Calculate the remainder when 1620 is divided by 57.
24
What is the remainder when 40763 is divided by 43?
42
What is the remainder when 1365 is divided by 8?
5
What is the remainder when 114224 is divided by 28543?
52
Calculate the remainder when 7211 is divided by 245.
106
Calculate the remainder when 3447 is divided by 824.
151
What is the remainder when 23743 is divided by 1396?
11
Calculate the remainder when 162608 is divided by 232.
208
Calculate the remainder when 5228 is divided by 1304.
12
Calculate the remainder when 683086 is divided by 1222.
1210
What is the remainder when 117904 is divided by 12?
4
What is the remainder when 30432 is divided by 233?
142
What is the remainder when 4146 is divided by 1025?
46
Calculate the remainder when 144583 is divided by 21.
19
What is the remainder when 24007 is divided by 214?
39
What is the remainder when 1103944 is divided by 1308?
1300
Calculate the remainder when 12533 is divided by 53.
25
What is the remainder when 382 is divided by 36?
22
Calculate the remainder when 61917 is divided by 15478.
5
What is the remainder when 7963 is divided by 184?
51
Calculate the remainder when 46767 is divided by 46484.
283
What is the remainder when 14684 is divided by 4533?
1085
Calculate the remainder when 80714 is divided by 26904.
2
Calculate the remainder when 62919 is divided by 63.
45
Calculate the remainder when 14209 is divided by 418.
415
What is the remainder when 44232 is divided by 70?
62
Calculate the remainder when 286 is divided by 122.
42
Calculate the remainder when 584122 is divided by 5.
2
What is the remainder when 7407301 is divided by 19?
18
Calculate the remainder when 5954 is divided by 149.
143
Calculate the remainder when 8028 is divided by 1998.
36
Calculate the remainder when 261379 is divided by 22.
19
Calculate the remainder when 1187516 is divided by 17.
15
Calculate the remainder when 5234 is divided by 18.
14
Calculate the remainder when 1405 is divided by 337.
57
Calculate the remainder when 19987 is divided by 19970.
17
What is the remainder when 79013 is divided by 34?
31
What is the remainder when 21506 is divided by 7167?
5
What is the remainder when 26449 is divided by 3?
1
Calculate the remainder when 65807 is divided by 36.
35
Calculate the remainder when 856 is divided by 271.
43
What is the remainder when 19548 is divided by 264?
12
Calculate the remainder when 110904 is divided by 36960.
24
What is the remainder when 59710 is divided by 4593?
1
What is the remainder when 248644 is divided by 81?
55
Calculate the remainder when 2819 is divided by 2679.
140
What is the remainder when 186143 is divided by 178?
133
What is the remainder when 8708 is divided by 80?
68
Calculate the remainder when 637713 is divided by 838.
833
Calculate the remainder when 2628 is divided by 737.
417
What is the remainder when 74613 is divided by 260?
253
What is the remainder when 8107 is divided by 51?
49
Calculate the remainder when 33593 is divided by 11197.
2
What is the remainder when 16518 is divided by 26?
8
What is the remainder when 628 is divided by 177?
97
Calculate the remainder when 8704 is divided by 439.
363
What is the remainder when 118526 is divided by 9?
5
What is the remainder when 8409 is divided by 337?
321
Calculate the remainder when 7448 is divided by 25.
23
What is the remainder when 24137 is divided by 142?
139
What is the remainder when 3600992 is divided by 652?
648
What is the remainder when 46138 is divided by 2192?
106
Calculate the remainder when 19913 is divided by 9956.
1
What is the remainder when 224012 is divided by 136?
20
Calculate the remainder when 56125 is divided by 211.
210
What is the remainder when 6561 is divided by 6478?
83
What is the remainder when 200514 is divided by 719?
632
Calculate the remainder when 3282328 is divided by 26.
10
What is the remainder when 3367 is divided by 181?
109
What is the remainder when 20046 is divided by 10021?
4
What is the remainder when 6190 is divided by 1229?
45
What is the remainder when 11949 is divided by 423?
105
What is the remainder when 28009 is divided by 383?
50
Calculate the remainder when 24565 is divided by 105.
100
Calculate the remainder when 1731 is divided by 189.
30
What is the remainder when 24930 is divided by 12438?
54
What is the remainder when 257819 is divided by 347?
345
What is the remainder when 3547 is divided by 1347?
853
What is the remainder when 6242 is divided by 41?
10
Calculate the remainder when 22525 is divided by 49.
34
Calculate the remainder when 9995 is divided by 13.
11
Calculate the remainder when 242549 is divided by 204.
197
What is the remainder when 1192 is divided by 277?